atest common divisor of 112 and v.
14
Suppose 2*q + 5*f - 56 = 10, 5*q - 165 = f. Let n be 10/6 - (-11)/q. What is the highest common divisor of n and 14?
2
Let g = 38 - 26. Let w(z) = z**2 + z + 60. Let c be w(0). Calculate the greatest common factor of g and c.
12
Let m(v) = -4*v - v + 3*v**2 - 2*v + 4. Let p be m(4). Let y = 40 - 28. What is the highest common factor of p and y?
12
Suppose -2*o + 2*b = -374, -738 = -4*o + 2*b - 3*b. What is the highest common factor of 37 and o?
37
Let q(d) = 2*d - 7. Let s be q(6). Suppose -u + s*u = 56. What is the greatest common divisor of 140 and u?
14
Let h(t) = t**2 - t. Let g be h(2). Let k = g - 1. Suppose 12 = 5*q - 8. What is the highest common factor of q and k?
1
Suppose -5*d - 3*r + 85 = 0, -2 = -2*d + 5*r + 1. Let t = 19 - d. What is the greatest common factor of 55 and t?
5
Suppose 0 = 2*y, -4*o + 5*o = y + 132. What is the greatest common factor of o and 12?
12
Let d = -48 - -83. Calculate the highest common factor of 14 and d.
7
Let p = 8 + -5. Suppose 7 + 2 = 3*f, -m + 12 = p*f. Suppose 5*o - 2*h = 62, m*o - 8*h - 41 = -3*h. Calculate the greatest common factor of 6 and o.
6
Suppose -51 = -2*m + 3. Suppose 0*q - 4*q + m = 3*k, 5*k - 56 = -3*q. What is the greatest common divisor of 13 and k?
13
Let r be (-8 + 3)/(-5)*6. What is the greatest common divisor of 30 and r?
6
Let a be (5 - -3) + (1 - 1). Let h be (48/(-10))/(6/(-40)). Calculate the greatest common divisor of h and a.
8
Suppose 0 = b - 0*b - 5. Suppose b*x - 2 = 18. What is the greatest common divisor of x and 16?
4
Let g(r) = -3*r**2 - 18*r + 4. Let i be g(-6). What is the highest common factor of 2 and i?
2
Let z = 7 - 12. Let d be (z + 4)*0/(-2). Let r(h) = h**2 + h + 90. Let y be r(d). What is the greatest common divisor of 10 and y?
10
Suppose x - 4*k = -11, -k - 2*k = -4*x + 8. Suppose -f + 74 = 4*j + j, -x*f + 34 = j. Calculate the highest common factor of j and 98.
14
Let k = 1 - 0. What is the highest common divisor of k and 4?
1
Suppose -7*n = -3*n - 4. Suppose -4*h - 255 = -h. Let a be -2*n*h/2. Calculate the highest common factor of 34 and a.
17
Let x(i) = -i**3 - 7*i**2 - 2*i - 10. Let d be 1/(-1*1/7). Let b be x(d). Let s be 4 - (-6)/b*2. Calculate the highest common divisor of 28 and s.
7
Let q be ((-108)/(-10))/(6/20). Suppose 2*l - 54 = -p - 7, 0 = l - p - 25. Calculate the greatest common divisor of l and q.
12
Suppose 4*y - 111 = y. What is the greatest common factor of 37 and y?
37
Let y(u) = 2*u**2 + u**3 + 9 + 4*u**2 + 0*u**2 - 7*u. Let w be y(-7). What is the highest common divisor of 81 and w?
9
Suppose y + 16 - 43 = 0. Calculate the highest common divisor of y and 9.
9
Suppose -2*v = 2*v. Let x be (v - (-1 + 1)) + 156. Let z = -61 + x. What is the highest common factor of z and 38?
19
Let r = -6 - -14. Let y(a) = 2*a - 10. Let i be y(7). Suppose -2*k - 100 = -4*s, i*s = -0*s + k + 98. What is the greatest common factor of s and r?
8
Suppose l - 3*k + 1 - 24 = 0, 3*l + 2*k - 14 = 0. Let x(i) = -i**2 + 11*i - 7. Let t be x(l). What is the highest common factor of t and 85?
17
Suppose -275 = -2*z + 117. Let t = -91 + z. Calculate the greatest common factor of t and 15.
15
Let r be (-2 - -1)*(8 - -8). Let s(j) = -j**3 - 16*j**2 - j - 8. Let y be s(r). Let n = 167 + -79. What is the greatest common factor of n and y?
8
Let r be (-99)/(-12) - 4/16. Let h be 101 + 0 - r/8. What is the greatest common factor of h and 20?
20
Suppose 5*c = b + 27, 3*c - b + 2*b = 13. Let q = 494 + -316. Suppose j - 4*j + q = c*n, -4 = -4*j. What is the greatest common divisor of n and 14?
7
Suppose 0 = 3*v - 4*d, 2*v = -2*d + 3*d - 5. Let p = v + 4. Suppose 0 = -3*n + o + 61 - 1, p = o + 3. Calculate the greatest common factor of 19 and n.
19
Let y be 9 + (3/3)/1. Suppose -3*l - 2*v - 3*v = -15, -y = -2*l + v. What is the highest common factor of l and 1?
1
Let d = -63 - -44. Let m = 0 - d. Calculate the greatest common divisor of m and 95.
19
Let j be (-62)/(-6) + (-3)/9. Suppose 13*l = 8*l + j. Let d be 304/72 - 4/18. What is the highest common factor of d and l?
2
Let w = 19 - 33. Let c = 147 + w. Suppose 4*y + 3*m - c = -14, -4*m - 44 = -y. What is the highest common divisor of y and 8?
8
Suppose 3*v - 714 = -126. What is the greatest common factor of v and 28?
28
Let d(c) = 2*c**2 - 2*c + 1. Let o(t) = -t**2 + t + 1. Let q(v) = d(v) + o(v). Let h be q(2). What is the greatest common divisor of h and 12?
4
Let l be (-2)/(-3)*6/(-4). Let o = 12 + l. What is the greatest common divisor of o and 77?
11
Suppose -5*b + 39 = -16. What is the greatest common factor of b and 1?
1
Let h = 45 + -31. Let n = 142 - 121. What is the highest common divisor of h and n?
7
Suppose 24 = -8*v + 14*v. Calculate the highest common divisor of v and 2.
2
Suppose -198 = -0*y - 2*y - 3*q, 5*y - 5*q = 495. Suppose 13*x - 10*x - 33 = 0. Calculate the greatest common factor of x and y.
11
Let l = 40 + -10. Calculate the highest common divisor of 40 and l.
10
Let y = 7 + -12. Let o = 14 + y. Calculate the highest common divisor of o and 27.
9
Let v be (20/8)/(1/2). Let y be 144/15*1*v. What is the greatest common divisor of y and 6?
6
Let d(p) = p + 4. Let b be d(12). Calculate the greatest common divisor of 16 and b.
16
Suppose -2*u = -u. Suppose u = 4*z + 9 - 21. Suppose 0 = 4*b - b - z. What is the greatest common divisor of 4 and b?
1
Suppose -z = -x - 35, 6*z - 3*z + 2*x = 80. Suppose h + h - z = 0. What is the highest common divisor of h and 135?
15
Suppose 2*v = 5*w - 7, 0*w + 8 = 5*w - 3*v. Let o = 5 - w. Suppose -3*b = -o*b + 105. What is the greatest common divisor of 21 and b?
21
Let n(p) = 3*p - 8. Let i be n(6). What is the highest common divisor of 35 and i?
5
Let p = 9 - 2. Let r(y) = 1 + 1 + 6*y + y**2 - 7*y - 9. Let f be r(p). Calculate the greatest common factor of f and 5.
5
Suppose -s + 5*i = -59 - 96, i = s - 139. What is the greatest common factor of s and 15?
15
Let d = 32 + -47. Let v be (-54)/d + 4/10. Suppose 8 = 2*g - 0*g. What is the greatest common divisor of g and v?
4
Suppose -12*w + 18*w = 336. What is the highest common factor of 28 and w?
28
Suppose g + 7 = w, 0 = -4*g + 6*g + 2*w + 10. Let x = 11 + g. Suppose 35 = 3*v - 5*b, -4*b - 77 + 23 = -5*v. What is the highest common factor of v and x?
5
Suppose -32 = -0*j - 4*j. Suppose -3*d = -3*z, 4*d + 5*z - j = z. Let u = -1 + 2. Calculate the highest common factor of u and d.
1
Let m be 8/28 + ((-208)/(-7) - -2). What is the greatest common divisor of 64 and m?
32
Let i be 3 + 0 + 4/4. Suppose 3*n = -2*t + 2*n + 7, -i*t = -4*n - 44. Calculate the highest common divisor of t and 18.
6
Suppose -4*q + 2*q - 238 = -3*w, 0 = 5*q - 5. Let i = 55 + -39. What is the highest common divisor of i and w?
16
Let s = -9 + 37. Let q(z) = z + 55. Let l be q(29). What is the highest common divisor of s and l?
28
Let m = 6 + 24. Suppose -64 + 16 = -4*l. Calculate the greatest common divisor of m and l.
6
Suppose -2*c - t + 40 = 0, 5*c + 0*t = -3*t + 100. Let d = 11 + -7. Suppose -4*y + 1 = l, -3*l + d*y = -13 - 6. Calculate the greatest common factor of c and l.
5
Let v(g) = -22*g**3 + g**2 - g. Let s be v(-1). Calculate the highest common factor of 8 and s.
8
Suppose 2*u = 58 + 4. What is the greatest common factor of u and 155?
31
Let c = -44 - -114. Calculate the highest common divisor of c and 7.
7
Let c(f) = 15*f + 27. Let d be c(8). Calculate the greatest common factor of 49 and d.
49
Let t(h) = 3*h**2 + 6*h - 6. Let y be t(5). Suppose 4*a = 8*a + 32. Let s = 17 + a. What is the greatest common factor of s and y?
9
Suppose -i + 61 = 4*b, -4*b - 3*i + 46 + 9 = 0. Suppose -s = 15*s - 384. What is the greatest common factor of s and b?
8
Let c be 120/18 - (-2)/(-3). Let f be 510/8 + c/(-8). Calculate the greatest common divisor of 9 and f.
9
Let c be (6 - -3)/3 - -3. What is the greatest common divisor of c and 24?
6
Suppose 137 + 23 = 2*o. Suppose r - o = -r. What is the greatest common factor of r and 16?
8
Suppose 5*m - y = 73 + 5, -3*m + 54 = 3*y. Suppose 3*j - 2 = m. Let l be (20/j)/(2/12). What is the highest common divisor of l and 4?
4
Let k(p) = 6*p**2 - p - 1. Let q be k(-1). Suppose -114 - q = -5*n. Let w be 2/(2*1/n). What is the highest common divisor of 12 and w?
12
Let 